z + 5. Let l be n(-5). Suppose -d + 0*d = -l. Calculate the greatest common divisor of 56 and d.
28
Suppose 0 = 5*c - 3*a - 44, -c + 4*a = -4*c + 38. Let d be 6/c + 2205/75. What is the highest common factor of 10 and d?
10
Let r be ((-2)/3)/(2/(-3)). Let m = -1 + r. Suppose m = -l - 3*s + 36, -3*s - s = -5*l + 104. What is the greatest common factor of l and 12?
12
Suppose -4*t + t + 3 = 0, -4*t = 4*i - 128. Calculate the greatest common factor of 279 and i.
31
Suppose -c = -1 - 1. Suppose p - 3 - c = 0. What is the greatest common divisor of p and 35?
5
Suppose l - 32 = -2*u - 0*u, 0 = -4*l - 4*u + 108. Calculate the greatest common factor of 176 and l.
22
Suppose 0 = -r - 5*u + u - 19, -2*u - 13 = -3*r. Let f be 1/3 - (-80)/(-6). Let l be 6*1 - (-12 - f). Calculate the highest common divisor of r and l.
1
Suppose -66 = -2*j + 3*m, 0*j - 4*m - 97 = -3*j. Calculate the greatest common factor of 3 and j.
3
Let h(o) = o + 1. Let i(u) = -2*u - 2. Let a(k) = -3*h(k) - i(k). Let r be a(1). Let l be r/(-8) + (-126)/(-8). Calculate the highest common divisor of l and 4.
4
Let t be (-1716)/18*(-5)/((-10)/(-3)). What is the highest common factor of t and 13?
13
Let y be (-4 - 3)*2 + -1. Let j = 26 + y. What is the greatest common divisor of 55 and j?
11
Let w(g) = -g**3 + 9*g**2 - 6*g - 2. Let v be w(8). Suppose 4*l - 36 = 4*i, 5*i + 5 = -3*l + 16. What is the greatest common divisor of v and l?
7
Let v(r) = r**2 + 7*r - 5. Let a be v(-8). Let u be 2/a - 30/18. Let l be 11/(1 - (1 + u)). Calculate the highest common divisor of l and 1.
1
Let l = -7 + 23. Suppose -2*r + 0*k - 16 = -5*k, l = 4*r + 2*k. Suppose 3 - 1 = t. What is the highest common divisor of r and t?
2
Let o = 98 + -1. Suppose 5*p - 3 - o = 0. What is the highest common divisor of p and 30?
10
Let y(q) = -q - 12. Let u be y(-8). Let n be 3/u + 21/12. Calculate the highest common divisor of n and 7.
1
Suppose 4*d = -0*d + 36. Suppose 0*n - 2*n = -396. Suppose 0 = 2*f + z - n, 5*f - 2*z = 3*f + 198. Calculate the highest common divisor of d and f.
9
Suppose 0*j + j = 3*i + 33, i + 121 = 4*j. Let d be (-793)/(-39) + 2/(-6). What is the greatest common factor of d and j?
10
Suppose 0 = 2*l + 3*i - 24, -2*i - 20 = -7*i. Calculate the greatest common factor of l and 6.
6
Let t be ((-3)/9)/(596/120 + -5). Calculate the highest common divisor of t and 4.
2
Suppose -4*o - 32 = -5*c, -3*c - 7*o + 3*o + 32 = 0. What is the highest common factor of 8 and c?
8
Suppose 4 = z + 2*i, 3*z - 3*i = -0*i - 6. Let q(g) = -g**2 - g + 13. Let l be q(z). Let t = 20 - l. What is the greatest common factor of t and 56?
7
Let d(h) = 2*h**2 + 9*h + 3. Let l be d(-6). Let r(a) = -a**3 - 3*a**2 + 5*a - 4. Let j be r(-5). What is the greatest common divisor of l and j?
21
Let z be 6/(-4)*156/(-18). Let q(d) = 27*d**2 - 2*d + 1. Let k be q(1). Let w be k/((-4)/2)*-1. Calculate the highest common factor of w and z.
13
Let t = -4 - -7. Let c = -16 + 31. Calculate the highest common divisor of t and c.
3
Suppose -42 = -3*v - 3*w, 2*v - 28 = -0*v - w. Suppose 19 = 3*i - t, -2*i + 2*t = i - v. Let n = -7 - -11. Calculate the highest common divisor of i and n.
4
Suppose d + 0*d - 5*n - 17 = 0, 2 = -2*d - 2*n. Let v = d + 28. Calculate the greatest common divisor of v and 6.
6
Suppose 0 = 5*p - 4*s - 10 - 22, -3*s = -3*p + 21. Let b(m) = 0*m - 7 + 2 + 15*m. Let r be b(p). What is the highest common factor of r and 5?
5
Let c(a) = 2*a. Let u be c(3). What is the greatest common factor of u and 6?
6
Let t = 7 + -4. Suppose 18 = 3*z - 2*z + v, -t*z - 4*v = -52. Let r = 48 + 12. What is the greatest common factor of z and r?
20
Suppose 2*c - 6*c = -40. Calculate the highest common divisor of 10 and c.
10
Suppose m = -2*g - 2*m + 283, -15 = -3*m. Let h = g - 85. Let z be (42/4)/1*58/87. Calculate the highest common divisor of z and h.
7
Let c = 87 - 50. Let d = c + -67. Let b be 3*(-4)/6 - d. What is the highest common divisor of 42 and b?
14
Let z be (-4)/(-5)*150/4. Let s(n) = 52*n - 6. Let c be s(3). Calculate the highest common factor of z and c.
30
Suppose -6 = -3*l + 108. Suppose -3*q + 5*g + l = 0, -58 = -2*q - 2*q + 3*g. What is the highest common divisor of q and 4?
4
Let u = 7 - 4. Let b(i) be the third derivative of 2*i**4/3 - 2*i**3/3 - 4*i**2. Let f be b(u). Calculate the highest common factor of f and 110.
22
Let z(o) = -3*o**3 - 5*o**2 + 5*o + 6. Suppose -a + b - 5 = 0, 2*a + 5 = 4*b - 7. Let u be z(a). What is the greatest common factor of u and 14?
14
Let v be (2 - 1)/((-2)/(-16)). Let g be 40/5*5/5. Calculate the highest common divisor of g and v.
8
Suppose -4*f = -7*f + 273. Let g(c) = c**2 - 5*c + 7. Suppose -n - 18 = -4*n. Let d be g(n). Calculate the highest common factor of f and d.
13
Suppose h - 32 = 2*j, -3*j = -3*h - 17 + 101. Calculate the greatest common divisor of h and 8.
8
Let j(c) = -c**2 - 5*c + 4. Let o be j(-5). Suppose -3*g = o*t - 23, 14 - 1 = -2*g + 3*t. What is the greatest common divisor of 4 and g?
1
Let i be 1 + 0 + -1 - -20. What is the greatest common factor of 40 and i?
20
Let y be (-124)/(-6) + 4/(-6). Let v = 8 + y. Suppose j + l - 19 = 0, 4*j - 4*l + v = 6*j. Calculate the highest common factor of 12 and j.
12
Let c(g) = g**3 - 6*g**2 - 7*g. Let h be c(7). Let r be -4 - (1 - (h + 2)). Let j be 17 - (-5)/((-5)/r). What is the greatest common factor of j and 30?
10
Let t = 32 - -500. Suppose 4*j - t = -4*h, -4*j + 3*h = -h - 524. Calculate the greatest common divisor of 12 and j.
12
Let z = 70 - 55. What is the highest common divisor of z and 6?
3
Let w be (-1)/((-2 - -6)/(-20)). Let f be (-3*w - -1)*-4. Calculate the greatest common divisor of 8 and f.
8
Suppose -3*a - 5*y = -27, 0 = -3*y + 2*y + 3. Suppose -a*p = -q + 28 - 7, -5*q + 51 = -2*p. Let c = -6 + q. What is the highest common factor of c and 24?
3
Let w(c) = c + 8. Let x be w(-8). Let m = x + 1. Suppose s + s - 16 = 0. Calculate the greatest common divisor of s and m.
1
Suppose -2*x + 4*a + 58 = 22, -2*x + 66 = 2*a. What is the highest common factor of 14 and x?
14
Let d(a) = a + 10. Let s be d(-8). Let k be s/2 - 4 - -8. Suppose o = -2*w - 2*w + 178, 3*o = -6. Calculate the highest common factor of k and w.
5
Let p(i) = -i**3 + i**2 - i + 205. Let q be p(0). What is the greatest common factor of q and 82?
41
Let h(i) = i**2 + 10*i + 3. Let x be h(-9). Let u be ((-2)/x)/(8/24). Let c be -1 + 1 - u*-10. Calculate the greatest common divisor of c and 40.
10
Let f = 22 + -8. Suppose -4*t - 1 = -17. Suppose -j + 5*r = t, -2*j = -j + r - f. Calculate the greatest common factor of 99 and j.
11
Suppose 3*c - 3*n - 6 = -4*n, c - 2 = -4*n. Suppose c*h - 78 = -22. Suppose -3*w + 28 = 2*y, 2*w + w = 3*y - 42. What is the highest common factor of h and y?
14
Let i be -2 - -76 - (-2 - -6). Suppose -i = -4*y + 50. Let b = 34 + -19. What is the greatest common divisor of y and b?
15
Let h be -4 + (-4)/(-8)*52. What is the greatest common divisor of h and 11?
11
Suppose 3*q - 2*k - k - 30 = 0, 0 = -2*q - 2*k + 4. Suppose -2*i + 152 = -2*a + 7*a, -5*i = a - 35. What is the greatest common factor of q and a?
6
Let j be 7026/39 + 2/(-13). Calculate the greatest common divisor of 20 and j.
20
Suppose 4*o - 22 - 4 = -3*x, -2*x = o - 19. Suppose 3*b - 8 - 37 = 0. What is the highest common divisor of x and b?
5
Suppose 115 + 105 = 2*x. Suppose 2*c + x = 7*c. Calculate the greatest common factor of 2 and c.
2
Suppose -4*t - 16 = -4*v, 3*v = 2*v - 3*t - 8. What is the highest common divisor of v and 2?
1
Suppose 3*g - 22 = 47. Calculate the highest common divisor of 23 and g.
23
Let k be (3/6)/(1/16). What is the greatest common factor of 56 and k?
8
Let h = -10 - -14. Let w be (3 + -1*h)*-23. Let j = -8 + w. Calculate the greatest common factor of j and 90.
15
Suppose -4*o - 3*g + 9 + 9 = 0, -3*o + 14 = 2*g. What is the highest common divisor of o and 15?
3
Let f be (-236)/(-16) + 3/(-4). Suppose 7*b - 2*b - 5 = 0. Let m(h) = 41*h + 1. Let g be m(b). Calculate the greatest common divisor of f and g.
14
Suppose -2*d - 2 = y - 0, -2*d + 4*y + 8 = 0. Suppose d = -n - n + 24. Calculate the highest common divisor of n and 48.
12
Suppose 5*h - 210 = -6*v + 3*v, -3*h = -3*v + 234. Let j = v - 42. Suppose -12 = 3*x - 7*x. Calculate the greatest co